Burnham-on-Sea Weather
Latitude N 51° 13' 49" Longitude W 02° 58' 59" Elevation 33 ft
NOAA Style Reports for Burnham-on-Sea
Select a Year or Month report
Report for 2023 Jul
Monthly Climatological Summary for Jul 2023 Name: Burnham-on-Sea City: Burnham-on-Sea County: Somerset Country: UK Elevation: 33 ft Lat: N 51° 13' 49" Lon: W 002° 58' 59" Temperature (°C), Rain (in), Wind Speed (mph) Heat Cool Avg Mean Deg Deg Wind Dom Day Temp High Time Low Time Days Days Rain Speed High Time Dir ---------------------------------------------------------------------------------- 01 17.3 19.9 14:22 15.6 08:09 1.1 0.2 0.01 2.5 17.0 05:54 SW 02 16.4 19.5 14:20 14.1 05:46 1.9 0.0 0.00 1.8 14.0 09:05 SSW 03 16.1 19.2 16:27 13.5 04:13 2.2 0.0 0.01 1.8 17.0 16:15 WSW 04 13.8 15.8 11:58 11.9 21:35 4.5 0.0 0.62 0.4 8.0 22:26 NW 05 15.7 19.4 16:00 12.3 00:37 2.6 0.0 0.05 1.4 14.0 06:34 SSW 06 16.7 22.0 15:00 12.8 00:00 2.1 0.5 0.00 1.6 15.0 16:59 N 07 20.3 27.5 15:40 11.9 04:07 1.7 3.6 0.00 1.2 13.0 16:10 N 08 18.7 23.3 12:05 15.4 23:56 0.3 0.8 0.33 0.5 9.0 08:18 N 09 17.7 24.0 14:42 13.7 04:53 1.6 1.0 0.07 1.0 14.0 15:24 N 10 16.6 20.7 11:28 12.6 05:36 1.9 0.2 0.47 1.3 17.0 12:13 N 11 16.9 20.2 14:40 14.8 04:18 1.5 0.1 0.07 1.6 15.0 14:08 NNW 12 16.6 20.1 16:01 13.5 04:53 2.0 0.3 0.18 1.2 13.0 14:27 SW 13 16.4 20.6 11:13 13.4 05:20 1.9 0.1 0.05 0.9 11.0 14:14 SSW 14 15.9 20.4 18:07 13.8 13:06 2.5 0.1 0.65 1.7 15.0 13:27 N 15 16.6 20.3 14:29 14.6 23:14 1.9 0.2 0.17 2.7 21.0 15:13 N 16 15.1 19.5 12:20 12.5 23:56 3.2 0.0 0.29 0.9 10.0 08:49 NW 17 15.6 19.7 15:07 11.6 04:19 2.9 0.2 0.04 1.2 13.0 13:10 S 18 16.2 23.0 14:36 12.1 02:57 2.7 0.6 0.02 0.7 9.0 11:29 N 19 17.3 20.3 14:44 15.2 03:38 1.3 0.3 0.03 1.4 11.0 15:40 SSW 20 16.5 21.2 15:09 10.0 05:55 2.3 0.5 0.00 0.7 9.0 14:42 S 21 16.0 19.6 14:21 11.4 05:37 2.5 0.2 0.00 1.2 13.0 14:48 SSW 22 15.2 17.8 17:04 12.8 05:10 3.0 0.0 0.84 2.2 14.0 13:04 N 23 17.5 20.4 16:00 15.1 23:44 1.1 0.2 0.04 1.2 13.0 15:30 S 24 15.8 18.7 18:53 13.7 08:19 2.5 0.0 0.02 1.1 11.0 10:26 SSE 25 15.9 20.3 14:53 10.2 05:01 2.5 0.2 0.01 1.0 10.0 16:59 SSW 26 14.9 19.1 11:24 9.2 05:52 3.4 0.0 0.80 0.8 10.3 13:24 N 27 17.7 20.8 16:37 15.8 00:00 0.8 0.3 0.04 1.2 10.3 15:31 S 28 17.8 22.8 13:57 15.6 06:06 1.0 0.5 0.00 0.8 10.3 13:45 N 29 17.1 20.8 15:11 14.4 04:53 1.4 0.3 0.00 1.4 12.5 15:18 WNW 30 16.1 17.5 16:02 13.9 06:25 2.2 0.0 0.56 1.3 13.6 22:21 NNW 31 17.1 19.2 17:10 15.6 13:16 1.2 0.0 0.15 1.2 11.4 00:12 W ---------------------------------------------------------------------------------- 16.6 27.5 7 9.2 26 63.9 10.4 5.52 1.3 21.0 15 WNW Max >= 27.0 1 Max <= 0.0 0 Min <= 0.0 0 Min <= -18.0 0 Max Rain: 0.84 on day 22 Days of Rain: 24 (>= 0.01 in) 11 (>= 0.10 in) 0 (>= 1.00 in) Heat Base: 18.3 Cool Base: 18.3 Method: Integration
© 2024, Burnham-on-Sea Weather.
Page updated 15/05/2024 04:30:02
Powered by
Cumulus MX
v4.0.0 (4022) using cumuluswebtags.php (v1.63 - 13th May 2024)
Never base important decisions on this or any weather information obtained from the Internet.
Copyright © CSS3_photo_dark | design from css3templates.co.uk