Burnham-on-Sea Weather
Latitude N 51° 13' 49" Longitude W 02° 58' 59" Elevation 33 ft
NOAA Style Reports for Burnham-on-Sea
Select a Year or Month report
Report for 2022 Jul
Monthly Climatological Summary for Jul 2022 Name: Burnham-on-Sea City: Burnham-on-Sea County: Somerset Country: UK Elevation: 33 ft Lat: N 51° 13' 49" Lon: W 002° 58' 59" Temperature (°C), Rain (in), Wind Speed (mph) Heat Cool Avg Mean Deg Deg Wind Dom Day Temp High Time Low Time Days Days Rain Speed High Time Dir ---------------------------------------------------------------------------------- 01 14.6 18.7 15:34 11.3 02:10 3.6 0.0 0.11 0.7 10.0 12:32 SW 02 14.7 18.3 14:00 12.1 01:08 3.5 0.0 0.16 1.5 15.0 06:58 NNW 03 15.3 19.1 12:25 11.6 00:33 3.0 0.0 0.00 1.4 11.0 15:27 SSW 04 15.8 18.8 11:43 13.0 03:15 2.5 0.0 0.00 1.5 14.0 10:03 SSW 05 16.4 19.5 18:05 11.2 06:11 2.0 0.1 0.00 1.5 11.0 17:47 S 06 17.6 20.3 16:18 14.4 02:28 1.1 0.4 0.00 1.8 13.0 18:08 S 07 18.5 21.9 14:11 16.3 05:38 0.6 0.8 0.00 1.6 13.0 01:07 SSE 08 18.8 23.6 15:52 13.3 05:23 1.1 1.5 0.00 1.0 11.0 16:28 S 09 18.7 22.5 19:37 13.0 05:21 1.0 1.4 0.00 1.0 10.0 15:31 S 10 19.9 26.3 15:41 13.4 06:10 1.1 2.7 0.00 0.6 8.0 16:07 SE 11 21.7 29.4 15:52 13.3 05:12 1.1 4.5 0.00 0.7 10.0 17:03 NNW 12 20.6 26.2 14:00 17.3 06:29 0.1 2.6 0.00 0.3 6.0 13:55 SE 13 19.9 23.1 13:36 17.4 23:09 0.1 1.4 0.00 1.3 9.0 14:54 SSW 14 18.0 22.0 19:15 12.6 05:45 1.3 1.1 0.00 1.4 14.0 16:36 S 15 17.7 22.0 15:45 12.1 05:05 1.5 0.9 0.00 1.0 10.0 18:30 S 16 19.6 26.4 16:27 12.2 05:58 1.3 2.7 0.00 0.6 7.0 13:34 ESE 17 22.5 29.8 15:49 14.2 05:50 0.7 4.9 0.00 0.9 10.0 12:11 N 18 24.6 34.3 16:34 15.2 04:35 0.5 6.8 0.00 0.6 8.0 15:24 N 19 24.0 32.5 10:37 19.3 23:55 0.0 5.6 0.00 0.9 13.0 10:44 S 20 19.2 21.5 09:59 17.3 06:50 0.1 0.8 0.00 0.9 14.0 18:18 SSW 21 18.7 22.4 15:21 16.2 05:47 0.5 0.9 0.00 1.2 8.0 11:40 SSE 22 17.7 20.0 11:46 15.6 04:22 0.7 0.2 0.07 0.8 10.0 14:37 SSW 23 17.5 21.3 15:10 12.9 05:09 1.3 0.5 0.05 1.2 11.0 11:50 N 24 20.4 25.2 13:11 17.6 00:56 0.1 2.1 0.00 2.3 18.0 14:17 N 25 18.2 21.0 13:01 15.5 08:45 0.7 0.6 0.03 1.9 18.0 13:11 S 26 17.1 20.8 15:42 12.9 06:11 1.6 0.4 0.00 1.6 11.0 12:19 S 27 17.1 22.9 13:15 11.2 06:06 2.1 0.9 0.00 0.4 9.0 14:45 NNE 28 17.8 23.4 18:27 14.1 04:26 1.6 1.1 0.00 0.4 8.0 13:47 E 29 19.0 27.3 16:32 12.2 06:14 1.7 2.3 0.00 0.7 10.0 16:58 SSE 30 18.3 22.3 16:45 13.4 05:31 1.0 0.9 0.00 0.8 11.0 16:07 S 31 19.6 22.6 13:16 17.6 23:58 0.0 1.3 0.00 1.5 11.0 10:43 SSW ---------------------------------------------------------------------------------- 18.7 34.3 18 11.2 5 37.5 49.4 0.42 1.1 18.0 24 S Max >= 27.0 5 Max <= 0.0 0 Min <= 0.0 0 Min <= -18.0 0 Max Rain: 0.16 on day 2 Days of Rain: 5 (>= 0.01 in) 2 (>= 0.10 in) 0 (>= 1.00 in) Heat Base: 18.3 Cool Base: 18.3 Method: Integration
© 2024, Burnham-on-Sea Weather.
Page updated 15/05/2024 02:50:02
Powered by
Cumulus MX
v4.0.0 (4022) using cumuluswebtags.php (v1.63 - 13th May 2024)
Never base important decisions on this or any weather information obtained from the Internet.
Copyright © CSS3_photo_dark | design from css3templates.co.uk