Burnham-on-Sea Weather
Latitude N 51° 13' 49" Longitude W 02° 58' 59" Elevation 33 ft
NOAA Style Reports for Burnham-on-Sea
Select a Year or Month report
Report for 2021 Jun
Monthly Climatological Summary for Jun 2021 Name: Burnham-on-Sea City: Burnham-on-Sea County: Somerset Country: UK Elevation: 33 ft Lat: N 51° 13' 49" Lon: W 002° 58' 59" Temperature (°C), Rain (in), Wind Speed (mph) Heat Cool Avg Mean Deg Deg Wind Dom Day Temp High Time Low Time Days Days Rain Speed High Time Dir ---------------------------------------------------------------------------------- 01 21.5 33.4 17:36 10.3 05:02 2.2 5.4 0.00 0.4 8.0 14:27 NNW 02 19.5 26.7 10:59 12.9 03:57 1.4 2.6 0.12 0.1 6.0 18:15 WNW 03 16.4 21.0 11:45 13.0 23:45 2.3 0.4 0.00 1.9 10.0 13:59 NE 04 15.9 23.7 14:46 9.4 06:13 3.4 1.0 0.00 1.7 10.0 15:33 ENE 05 16.9 26.4 12:49 9.8 05:52 2.8 1.4 0.01 1.1 8.0 16:38 WNW 06 18.2 28.3 14:58 14.4 06:24 1.8 1.7 0.01 0.8 8.0 19:13 NE 07 16.2 22.5 11:55 11.1 04:58 2.6 0.5 0.00 1.1 11.0 16:14 ENE 08 17.2 27.9 14:07 8.4 05:06 3.2 2.1 0.00 0.9 10.0 15:30 NE 09 17.3 27.3 16:03 9.4 04:15 2.8 1.8 0.00 0.9 9.0 16:24 NW 10 19.2 24.7 13:30 16.0 00:36 0.8 1.8 0.00 1.0 8.0 11:40 N 11 17.9 23.9 12:57 14.9 23:28 1.0 0.7 0.00 1.8 14.0 16:44 ENE 12 18.1 24.0 14:40 14.4 01:04 1.7 1.4 0.00 2.3 13.0 15:28 ENE 13 22.3 33.8 14:48 13.5 05:17 1.2 5.2 0.00 0.7 8.0 16:54 NNW 14 18.3 24.2 14:16 13.5 05:04 1.3 1.3 0.00 2.1 13.0 15:40 NE 15 19.6 32.6 16:49 10.5 05:18 2.2 3.5 0.00 0.8 10.0 17:58 NE 16 17.9 24.8 11:27 11.0 05:48 2.1 1.7 0.02 1.5 15.0 19:22 NE 17 17.7 24.2 17:06 14.0 02:40 1.4 0.8 0.05 2.4 11.0 04:38 NE 18 16.4 18.0 12:59 15.0 23:54 1.9 0.0 0.00 1.4 9.0 03:56 NE 19 15.4 18.4 13:00 13.5 23:01 2.9 0.0 0.34 0.1 6.0 18:10 NNW 20 15.4 20.3 16:19 13.5 00:00 3.0 0.1 0.08 0.5 8.0 16:11 N 21 14.6 17.0 14:35 12.5 06:45 3.7 0.0 0.04 0.9 8.0 02:07 NNE 22 16.2 23.4 17:20 11.2 23:46 3.1 1.0 0.01 1.4 10.0 03:44 ENE 23 15.4 23.9 14:07 7.6 04:40 3.9 1.0 0.00 1.8 13.0 15:03 NE 24 17.7 24.1 15:23 14.6 23:48 1.6 1.0 0.01 1.9 11.0 18:49 ENE 25 16.1 20.3 14:01 13.5 23:55 2.3 0.1 0.09 2.4 13.0 15:31 ENE 26 18.9 27.8 17:15 10.3 03:51 2.5 3.1 0.00 0.4 6.0 14:37 NNW 27 17.4 24.2 14:47 14.2 08:21 1.6 0.7 0.30 0.9 9.0 10:31 N 28 17.2 24.6 15:23 13.9 06:11 2.1 0.9 0.45 1.1 10.0 17:20 NE 29 18.0 26.1 15:05 15.1 04:34 1.3 0.9 0.00 0.9 8.0 06:23 ENE 30 19.2 26.4 15:52 12.3 04:21 1.3 2.2 0.00 1.3 9.0 19:44 NE ---------------------------------------------------------------------------------- 17.6 33.8 13 7.6 23 65.4 44.3 1.53 1.2 15.0 16 NE Max >= 27.0 7 Max <= 0.0 0 Min <= 0.0 0 Min <= -18.0 0 Max Rain: 0.45 on day 28 Days of Rain: 13 (>= 0.01 in) 4 (>= 0.10 in) 0 (>= 1.00 in) Heat Base: 18.3 Cool Base: 18.3 Method: Integration
© 2024, Burnham-on-Sea Weather.
Page updated 15/05/2024 04:20:02
Powered by
Cumulus MX
v4.0.0 (4022) using cumuluswebtags.php (v1.63 - 13th May 2024)
Never base important decisions on this or any weather information obtained from the Internet.
Copyright © CSS3_photo_dark | design from css3templates.co.uk